ime factors of u?
2, 5, 13
Let f = 75 + -72. Suppose 5*i - 3092 = 2*a, -2*i = -i + f*a - 615. Suppose 13*m - i = 539. What are the prime factors of m?
89
Suppose -54*g = 70*g + 96654 - 1739654. List the prime factors of g.
2, 5, 53
Let w(t) = 3*t + 82. Let h = -22 - 4. Let r be w(h). Suppose 2*s - 412 = -3*u, -r*s + 3*u = -9*s + 1021. List the prime factors of s.
7, 29
Let r(j) = 19*j - 103. Let s be r(6). Suppose 4*b + 5*z - 718 = 0, -5*b + s*z - 6*z = -920. List the prime factors of b.
2, 7, 13
Let y(c) = c**3 - 3*c**2 - 10*c - 8. Let k be y(5). List the prime factors of 6/k - (-13965)/60.
2, 29
Let y = -83 + 95. Suppose -6*g + y*g - 12 = 0. Suppose -o + g*a = -81, 4*o - a - 3*a - 312 = 0. What are the prime factors of o?
3, 5
Suppose 0 = 3*v + 29 - 41. Suppose 6*o = 8 + v. Suppose -2*h - 153 - 296 = -5*w, -4*w = o*h - 352. List the prime factors of w.
89
Let x be 1989 + 6 + (-8 - -2). Suppose 8*m + x = 21*m. What are the prime factors of m?
3, 17
Let n(p) = -p**3 + 17*p**2 - 20*p - 30. Let u(k) = -k + 9. Let b be u(-4). Let j be n(b). Suppose -3*w + 319 + j = 0. List the prime factors of w.
5, 47
Let t(i) = 3*i - 70. Let c be t(-5). What are the prime factors of (4/10 + -2)*c/2?
2, 17
What are the prime factors of 2408/(-42)*81*-1?
2, 3, 43
Suppose 0 = 2*v - 2494 - 5010. List the prime factors of v.
2, 7, 67
Suppose 0 = 2*a + 2*d + 2, -2*a - 2*d = -3*a + 5. Let s be (a + 13/(-7))/(18/(-126)). What are the prime factors of 4305/75 - s/(-10)?
2, 29
Suppose -3*w - l + 2*l + 4 = 0, 0 = -3*w + 5*l + 20. Let d(j) = j**2 - 7 - 14*j + w*j**2 + 18*j. What are the prime factors of d(-7)?
2, 7
Suppose 154 = -21*w + 32*w. What are the prime factors of 465 + -1 + w/2 + -9?
2, 3, 7, 11
Let u(r) = -76 + 3*r**2 - 2*r - 2*r - 28*r + 32. What are the prime factors of u(19)?
431
Suppose -10*s + 5 = -15*s. Let y(h) = -2*h**2 - 3*h - 1. Let w be y(s). What are the prime factors of 1 + w - 118/(-1)?
7, 17
Suppose -114*y + 10 = -112*y. What are the prime factors of 2*(335 + 0)/y?
2, 67
Suppose 40*r - k - 95953 = 35*r, -4*k - 19202 = -r. List the prime factors of r.
2, 5, 19, 101
Let p(j) = -232*j + 1690. List the prime factors of p(-39).
2, 7, 13, 59
Let v = 621 - -17637. What are the prime factors of v?
2, 3, 17, 179
Suppose -2*m = 4*w - 23012, 18*m + 34503 = 21*m + 3*w. What are the prime factors of m?
2, 3, 479
Let n(r) = 104*r**3 - 3*r**2 - 63*r + 591. List the prime factors of n(7).
5, 1427
Let a be (-129)/(-15) - (-1)/((-20)/(-8)). Let c(i) = -66*i + a + 75*i + 91*i. List the prime factors of c(2).
11, 19
Let g(y) = y**2 + y - 335. Let q be g(0). Let a = -176 + 15. Let s = a - q. List the prime factors of s.
2, 3, 29
Suppose -1170*t - 207713 = -1193*t. List the prime factors of t.
11, 821
Suppose -52*x + 172618 = -35*x. List the prime factors of x.
2, 5077
What are the prime factors of (-32 - 145)*43/(-3)?
43, 59
Let q be (-6 - (-10 + 4))/(-2). Suppose q = -2*u + 191 + 121. What are the prime factors of u?
2, 3, 13
Let w(x) = 3*x**2 + 6*x - 5. Let y(d) = 2*d**2 + d. Let n(m) = -2*w(m) + 6*y(m). What are the prime factors of n(5)?
2, 5, 13
Let j be ((-60)/75)/((-1)/5 - 0). Suppose -j*c = -0*c. Suppose -2*u - 8 = 0, 6*l - 5*l + u - 39 = c. What are the prime factors of l?
43
Let j(h) = -111*h + 59. Let k be j(6). Let w = k + 1668. List the prime factors of w.
1061
Suppose 61*r - 5735 = -p + 64*r, 18 = -3*r. What are the prime factors of p?
5717
Suppose 2*w - 266 = 3*w - 4*k, 5*k + 1064 = -4*w. What are the prime factors of 13608/38 + 28/w?
2, 179
Suppose 0 = -l + 52 + 10. Let c(f) = 39*f - 269. Let t be c(8). Let k = l - t. What are the prime factors of k?
19
Suppose 2*r - 20 = -5*i - 7, 4*r = 2*i - 10. Suppose -3421 = -i*w + h, 2*w - 2274 = h + h. List the prime factors of w.
2, 571
Let d = 917 - -7198. List the prime factors of d.
3, 5, 541
Suppose 19*z = 7*z - 540. What are the prime factors of (-2620)/z - 8/36?
2, 29
Suppose u - y = 18 - 0, 4*y + 12 = 0. Suppose u*n - 924 = 13*n - 4*s, 0 = -2*n + 4*s + 956. List the prime factors of n.
2, 5, 47
Suppose j = -5*w - 1485, 5*w - 2*w + 891 = -2*j. Let r = 331 + w. List the prime factors of r.
2, 17
Let h(v) = 3*v**2 + 10*v + 12. Let p be h(-2). Suppose -p*c - 32 = -4*z, -z = -c + 2*z - 10. What are the prime factors of (3 - (c + -2))/((-1)/(-11))?
2, 3, 11
List the prime factors of -8*(8 + 51474/(-12) - 6/(-3)).
2, 3, 317
Suppose 0 = 5*w - 8*w - 150. Suppose -1016 = -214*d + 222*d. Let r = w - d. List the prime factors of r.
7, 11
Suppose -3*j = -4*j - 2, -5*j + 16168 = 2*b. Suppose -35*i + 11616 = -b. List the prime factors of i.
563
What are the prime factors of 55/((-165)/(-28236)) - (-3 - (-2 + 2))?
5, 7, 269
Let v = 1037 - -212. Let u = v + -689. What are the prime factors of u?
2, 5, 7
What are the prime factors of (-44)/(-286) + (-142728)/(-78)?
2, 3, 5, 61
Suppose 14 = 4*p - 14. Let i = p + 6. Suppose -i*b + 11*b = -116. List the prime factors of b.
2, 29
Let x(j) = -5*j + 14. Let h(s) = -6*s + 15. Let y(l) = 2*h(l) - 3*x(l). Let n be y(4). Suppose n = -o + 19 + 2. List the prime factors of o.
3, 7
Let s(z) = 4*z**3 - 16*z**2 - 8*z + 50. Let a(r) = r**3 - 2*r**2 + 2. Let g(p) = 10*a(p) - s(p). List the prime factors of g(5).
2, 3, 5, 11
Let t = 2398 + 6811. List the prime factors of t.
9209
Let z(d) = -d**2 + 11*d + 4. Let x be z(0). Suppose -4*p = 7 + 9, -x*p = 4*f - 1696. List the prime factors of f.
2, 107
What are the prime factors of 0 + 11654/4 + 36 + (-1932)/56?
5, 11, 53
Let p = -13460 + 19020. List the prime factors of p.
2, 5, 139
Suppose 3*v + 2*j - 826 = -255, 2*v - 2*j = 384. Let r = v + 114. List the prime factors of r.
5, 61
Let d = 440 + -419. List the prime factors of (d - -1)*(-18)/(-12).
3, 11
Let k be (-8)/12*(-14412)/8. Suppose 3139 - k = 6*p. What are the prime factors of p?
17, 19
Let r(g) = 38*g**3 - 5*g**2 + 203*g - 1645. What are the prime factors of r(8)?
5, 3823
Let i(m) = -3*m - 28. Let j be i(-12). Suppose -j*u + 218 = -494. Suppose 4*c + u = -3*b + 407, 0 = b - 4*c - 90. What are the prime factors of b?
2, 3, 17
Let w(n) = 15*n**3 - 22*n**2 + 32*n - 247. List the prime factors of w(16).
3, 18691
Let d = 127 - 86. Let w = -37 + d. Suppose -w*t + 288 = 4*p, 3*p - 6*p + 4*t + 223 = 0. List the prime factors of p.
73
Let s be 11/(462/12) + (-178)/(-14). Suppose -2*b + 1587 = s*g - 8*g, 0 = -4*b - 4*g + 3180. List the prime factors of b.
2, 199
What are the prime factors of (29488 - -4)*9/36?
73, 101
Let g(l) = -l**2 + 13*l + 14. Let p be g(14). Let n be -25 + 4/(-16)*p. List the prime factors of 3*(40/n)/((-6)/175).
2, 5, 7
Let b = 29727 + -19768. List the prime factors of b.
23, 433
Let c = 15 - -44. Suppose 2*m - 4*f = 23 + 129, -8 = 2*f. Let v = c + m. What are the prime factors of v?
127
Let b = 6834 - 2593. List the prime factors of b.
4241
Let m(w) = -w**2. Let q(u) = -14*u**2 + 6*u + 10. Let d(j) = -6*m(j) - q(j). List the prime factors of d(-3).
2, 47
Let s be (-57)/(-6) + 20/(-8). Suppose -s = -4*z - 3*z. What are the prime factors of -2 - (z - (92 + (-1 - -3)))?
7, 13
Let u(s) = 4*s**2 - 6 + 50*s - 100*s + 61*s. What are the prime factors of u(-8)?
2, 3
Suppose 0 = -4*j + 4*n, n = -j - 3*j + 10. Suppose 5*g = 10, -j*g = -4*x - 0*x + 60. Suppose 4*q - 46 = -i + x, 2*i + 5*q = 109. List the prime factors of i.
2, 3, 7
Let y(u) = 928*u - 16343. What are the prime factors of y(33)?
14281
Suppose 21328 - 62422 = 18*m. List the prime factors of m/(-33) + (-2 - 40/(-22)).
3, 23
Suppose 3*k + 5*g - 54 = -20, -2*k = -g - 40. Let d(u) = 40*u + 143. What are the prime factors of d(k)?
863
Let x(s) = -s**3 - s. Let l(w) = 5*w**3 + 10*w + 2. Let z(a) = l(a) + 4*x(a). Let o(r) = 2*r**2 + 3*r + 1. Let q be o(-2). What are the prime factors of z(q)?
47
What are the prime factors of (-76)/2*215/(-10)?
19, 43
Let a = 463 - 782. Let u = a - -559. List the prime factors of u.
2, 3, 5
Suppose 2*h - 19*h = -5*h. Suppose h = -8*q + 655 + 1289. What are the prime factors of q?
3
Suppose 3*c - 8 = 1. Suppose -4*q + c*a = -873, -3*q = 2*q + 5*a - 1065. List the prime factors of q/2*5/10.
2, 3
Suppose 4*y + t = 3*y + 3106, 5*y = -3*t + 15544. List the prime factors of y.
11, 283
Let l = -58 + 58. Suppose l = -3*j + 9, 7*v - 3*v - 5*j = 5. Suppose v*z - 81 = 2*t - 324, -3*z + 623 = 5*t. W